at is -11213 + -322?
-12201
In base 7, what is -2 + -56?
-61
In base 13, what is -87 - 5?
-8c
In base 2, what is -10 + -10010101000?
-10010101010
In base 4, what is 0 - 12002?
-12002
In base 14, what is -8 - -1?
-7
In base 11, what is 7 + 32?
39
In base 6, what is 3 - 115?
-112
In base 10, what is 541 - 0?
541
In base 3, what is 120 + -2112202?
-2112012
In base 2, what is -101 - -1010000?
1001011
In base 5, what is -123 - 132?
-310
In base 14, what is 0 + 158?
158
In base 3, what is -112 + -2100010?
-2100122
In base 7, what is 616 - -11?
630
In base 12, what is 66 + 105?
16b
In base 16, what is -5 + 65?
60
In base 13, what is -13 - -4?
-c
In base 15, what is -12 - -4?
-d
In base 10, what is 49 - 11?
38
In base 7, what is 3 + -23?
-20
In base 14, what is -26c + 1?
-26b
In base 3, what is -11 - -20222121?
20222110
In base 14, what is -84 + -c?
-92
In base 8, what is 26 - 15?
11
In base 13, what is 0 + -198?
-198
In base 15, what is 3 - 157?
-154
In base 4, what is 3 - 0?
3
In base 13, what is -276 - 24?
-29a
In base 8, what is 71 + 7?
100
In base 5, what is 1 - 40?
-34
In base 16, what is -e4 - 2?
-e6
In base 7, what is 36 - 1063?
-1024
In base 3, what is 101111010 + 1?
101111011
In base 6, what is 2205 + 4?
2213
In base 4, what is -2010231 + -1?
-2010232
In base 15, what is 0 - 15c?
-15c
In base 9, what is -100 - -277?
177
In base 2, what is 1 - -10101?
10110
In base 8, what is -112 - 13?
-125
In base 9, what is 60 + 171?
241
In base 13, what is -51 - -23?
-2b
In base 2, what is 10011110001 + -100?
10011101101
In base 5, what is 1142 - 4?
1133
In base 13, what is 5 - 391?
-389
In base 2, what is 1011 - 110010011?
-110001000
In base 7, what is -3 - 2?
-5
In base 2, what is 1001000 + 11010?
1100010
In base 4, what is 0 + 102233?
102233
In base 8, what is 215 + -4?
211
In base 11, what is -3 + 167?
164
In base 7, what is 3 + 33006?
33012
In base 14, what is -45d + 2?
-45b
In base 8, what is -2 - 11?
-13
In base 16, what is -2c - -2?
-2a
In base 7, what is 50620 + 5?
50625
In base 14, what is -a9 - 0?
-a9
In base 16, what is -80 + 0?
-80
In base 9, what is -286 + 5?
-281
In base 15, what is 24 + -e7?
-c3
In base 5, what is 31244 - -13?
31312
In base 16, what is 14e3 - 1?
14e2
In base 14, what is -61 + -10a?
-16b
In base 15, what is 5 - -b7?
bc
In base 13, what is 1 + -2c3?
-2c2
In base 3, what is -12 + -1210001?
-1210020
In base 16, what is 1 - 78?
-77
In base 14, what is d - 8a?
-7b
In base 12, what is -109 + 5?
-104
In base 13, what is 378 + -1?
377
In base 13, what is 0 - 52?
-52
In base 2, what is 11 + -101101?
-101010
In base 12, what is -1a3 + 88?
-117
In base 11, what is -4 + 1?
-3
In base 7, what is -2042 - 5?
-2050
In base 14, what is -a - -65?
59
In base 8, what is 261 + 16?
277
In base 11, what is -435 + 5?
-430
In base 13, what is -39 + -4?
-40
In base 16, what is -5 - -16e?
169
In base 6, what is -45 - -10?
-35
In base 7, what is 21 - -202?
223
In base 8, what is 20 + -1?
17
In base 15, what is b3 - 0?
b3
In base 4, what is -11 + -330313?
-330330
In base 14, what is 99 - -56?
111
In base 8, what is -2530 - -5?
-2523
In base 9, what is 3 - -367?
371
In base 15, what is 114 - -4?
118
In base 11, what is 1a - -6?
25
In base 11, what is 4 - -317?
320
In base 8, what is -4 + 75?
71
In base 3, what is 120 - 10010?
-2120
In base 9, what is -680 + 13?
-666
In base 3, what is -20 + 2112?
2022
In base 11, what is 4 - 292?
-289
In base 6, what is -331 - 0?
-331
In base 11, what is -49a + -2?
-4a1
In base 4, what is 1012 - -1023?
2101
In base 16, what is 0 - -5?
5
In base 8, what is 17 + 3?
22
In base 11, what is -309 + -3?
-311
In base 2, what is -10000111 + -10010000?
-100010111
In base 14, what is -2 - -98?
96
In base 12, what is -6 - 46?
-50
In base 4, what is 11 + -1003?
-332
In base 10, what is 5 - -61?
66
In base 7, what is 2 - -4545?
4550
In base 2, what is 110 - -11011000?
11011110
In base 3, what is -112 + -111?
-1000
In base 8, what is 3 + -24?
-21
In base 15, what is -8d + 3?
-8a
In base 7, what is -31 + -12?
-43
In base 9, what is -4 - 62?
-66
In base 15, what is 1 + 120?
121
In base 14, what is c + 5?
13
In base 2, what is 110000100 + 10?
110000110
In base 10, what is 4 - 1?
3
In base 14, what is -5 - -13?
c
In base 8, what is -126 + -2?
-130
In base 5, what is -4 + 200?
141
In base 16, what is 4 - -d09?
d0d
In base 5, what is 3011 + 112?
3123
In base 6, what is -15 - 4?
-23
In base 14, what is 2 - -695?
697
In base 2, what is -11010011011 - -101?
-11010010110
In base 4, what is 122121 + 0?
122121
In base 14, what is -1134 + 4?
-1130
In base 13, what is -61 + 0?
-61
In base 5, what is -3 + 30000?
24442
In base 3, what is 1120112112 - -2?
1120112121
In base 4, what is -3203 - 13?
-3222
In base 16, what is -15 - -13f?
12a
In base 10, what is -859 + 1?
-858
In base 14, what is 5 + -4b?
-46
In base 3, what is -1 + 2220110?
2220102
In base 8, what is 4 + -1514?
-1510
In base 5, what is 1 + -32044?
-32043
In base 15, what is -1d + -156?
-174
In base 8, what is -62 - 51?
-133
In base 2, what is -10000 - -111100?
101100
In base 6, what is -15431 - 3?
-15434
In base 15, what is 18 + 14?
2c
In base 3, what is -2100 + -21?
-2121
In base 14, what is -5 + -11?
-16
In base 6, what is -12 + -1231?
-1243
In base 15, what is -1 + 52b?
52a
In base 14, what is 26 - -c?
34
In base 10, what is 1 + -258?
-257
In base 10, what is -9 - 59?
-68
In base 2, what is -111111 - 101?
-1000100
In base 9, what is 68 + 5?
74
In base 8, what is 11 - -311?
322
In base 15, what is -5 - -cc2?
cbc
In base 14, what is -4 + 45?
41
In base 9, what is 3 + -25?
-22
In base 13, what is -10 - 13?
-23
In base 5, what is -4 - 3?
-12
In base 16, what is 6 + -37?
-31
In base 13, what is -1ba3 + -4?
-1ba7
In base 13, what is 0 + 1a?
1a
In base 15, what is 21 - -d?
2e
In base 5, what is 1040 + 220?
1310
In base 12, what is -3 + ba?
b7
In base 14, what is 20 - -1a?
3a
In base 10, what is -89 - -5?
-84
In base 7, what is 142 - -46?
221
In base 5, what is -14 - -121?
102
In base 9, what is -15 + 11?
-4
In base 16, what is -9 - -1f8?
1ef
In base 8, what is -2 + -730?
-732
In base 9, what is -30 + 104?
64
In base 11, what is 933 + 9?
941
In base 7, what is 1326 - 0?
1326
In base 14, what is 2c - -15?
43
In base 14, what is c0 - -17?
d7
In base 6, what is -135252 - 2?
-135254
In base 7, what is -13 - -1031?
1015
In base 4, what is 12 - -312?
330
In base 5, what is 41 - -103?
144
In base 14, what is 4 + 3b?
41
In base 15, what is -d - 5b0?
-5bd
In base 7, what is 2412 + -2?
2410
In base 13, what is -99 - -105?
39
In base 6, what is 4 + -2451?
-2443
In base 9, what is -36 + 614?
567
In base 12, what is 144 - 4?
140
In base 16, what is -5f5 - 0?
-5f5
In base 5, what is -13 + -1114?
-1132
In base 12, what is -1215 - -6?
-120b
In base 8, what is 16 - -232?
250
In base 10, what is 24 + 18?
42
In base 3, what is -102 - 10020?
-10122
In base 5, what is -2124 + -4?
-2133
In base 11, what is -619 - -4?
-615
In base 14, what is -6a0 - 0?
-6a0
In base 3, what is -221200 + 11?
-221112
In base 10, what is -6 + 27?
21
In base 2, what is 1 + 1010110?
1010111
In base 15, what is 29 + 4?
2d
In base 2, what is 0 + 11100000?
11100000
In base 13, what is -2 + 0?
-2
In base 2, what is 110 - 1001010010?
-1001001100
In base 2, what is 10110 - -1010101?
1101011
In base 9, what is 4 + 6?
11
In base 16, what is d4 - -10?
e4
In base 13, what is -20 - -51?
31
In base 7, what is 44 + -1?
43
In base 2, what is 100001 - 10?
11111
In base 4, what is -20 + -1021?
-1101
In base 10, what is -249 - 0?
-249
In base 4, what is 0 + -101?
-101
In base 16, what is -6f34 - 3?
-6f37
In base 3, what is -2100 - 11210?
-21010
In base 15, what is 3 + -10?
-c
In base 5, what is 0 + 0?
0
In base 5, what is -4 - -44433?
44424
In base 8, what is 441 + 56?
517
In base 6, what is -10 - -11?
1
In base 13, what is 647 + -3?
644
In base 12, what is 80 + -5?
77
In base 3, what is 2 + 12000?
12002
In base 12, what is -408 + 5?
-403
In base 7, what is -21 - 34?
-55
In base 14, what is -1 - -b8?
b7
In base 10, what is 6 - 16?
-10
In base 3, what is 11101 + -1001?
10100
In base 3, what is 12 - 20?
-1
In base 14, what is 2a6 + -2?
2a4
In base 10, what is 41489 + -1?
41488
In base 15, what is 25 + 18?
3d
In base 15, what is -b - -3e?
33
In base 9, 